e
Is 6 a factor of 193816?
False
Does 279 divide 102114?
True
Does 58 divide 78184?
True
Is 4906055 a multiple of 35?
True
Is 10 a factor of 729?
False
Is 5016960 a multiple of 240?
True
Is 20818259 a multiple of 77?
True
Does 14 divide 83496?
True
Does 3 divide 10043?
False
Does 3 divide 2602320?
True
Is 2579312 a multiple of 326?
True
Does 450 divide 21433?
False
Is 50032 a multiple of 106?
True
Does 80 divide 636560?
True
Does 23 divide 3334529?
False
Is 13 a factor of 1391270?
False
Is 164 a factor of 473359?
False
Is 14 a factor of 11697518?
True
Is 97 a factor of 1827989?
False
Is 1015854 a multiple of 14?
True
Does 42 divide 10564596?
True
Does 14 divide 76999?
False
Does 15 divide 14814450?
True
Does 15 divide 13924733?
False
Is 515 a factor of 784015?
False
Does 249 divide 662589?
True
Does 162 divide 5767324?
False
Does 608 divide 16416?
True
Is 13 a factor of 1386021?
True
Is 11 a factor of 62950?
False
Is 24 a factor of 246120?
True
Is 359114 a multiple of 14?
True
Is 767442 a multiple of 39?
True
Is 1631016 a multiple of 162?
True
Is 11 a factor of 1861929?
False
Is 996408 a multiple of 126?
True
Does 71 divide 4201965?
False
Is 743 a factor of 1000851?
False
Does 561 divide 1097316?
True
Does 15 divide 15549660?
True
Is 11 a factor of 1212145?
True
Does 9 divide 27990?
True
Is 23991714 a multiple of 822?
True
Is 4570137 a multiple of 11?
True
Is 17 a factor of 2086818?
True
Does 13 divide 309387?
True
Is 76 a factor of 17839974?
False
Does 8 divide 213586?
False
Is 247908 a multiple of 12?
True
Does 297 divide 66599?
False
Is 90 a factor of 239635?
False
Is 52 a factor of 468926?
False
Is 577632 a multiple of 528?
True
Is 153 a factor of 55692?
True
Does 10 divide 194655?
False
Is 238 a factor of 2629484?
False
Is 267 a factor of 671420?
False
Is 34 a factor of 105305?
False
Is 182374 a multiple of 6?
False
Is 57 a factor of 2376136?
False
Is 530556 a multiple of 13?
True
Is 6 a factor of 60952?
False
Is 2497509 a multiple of 203?
True
Is 292 a factor of 128188?
True
Is 1734605 a multiple of 961?
True
Does 671 divide 2925560?
True
Is 1478304 a multiple of 16?
True
Is 332598 a multiple of 6?
True
Is 1089484 a multiple of 44?
True
Is 220816 a multiple of 37?
True
Is 887040 a multiple of 140?
True
Is 5657124 a multiple of 66?
True
Is 73 a factor of 270211?
False
Is 7502247 a multiple of 155?
False
Is 8 a factor of 35336?
True
Is 883 a factor of 399970?
False
Is 10 a factor of 1262022?
False
Is 26 a factor of 1248?
True
Is 2251320 a multiple of 10?
True
Is 157 a factor of 2907701?
False
Does 64 divide 199616?
True
Is 17 a factor of 4294540?
True
Is 536219 a multiple of 33?
False
Does 8 divide 520470?
False
Is 16793164 a multiple of 287?
False
Is 7 a factor of 965979?
True
Does 11 divide 129954?
True
Does 1320 divide 3604920?
True
Does 2 divide 62013?
False
Does 69 divide 5016544?
False
Does 4 divide 187744?
True
Does 501 divide 229758?
False
Is 4393194 a multiple of 163?
False
Does 4 divide 315452?
True
Is 2861712 a multiple of 252?
True
Does 1129 divide 7248180?
True
Does 127 divide 74301?
False
Does 122 divide 2827671?
False
Does 5 divide 490450?
True
Does 13 divide 417374?
False
Does 16 divide 191408?
True
Is 318731 a multiple of 65?
False
Is 750476 a multiple of 512?
False
Is 289 a factor of 5780?
True
Is 43 a factor of 10456052?
True
Is 10 a factor of 2845780?
True
Is 274985 a multiple of 121?
False
Is 6 a factor of 91560?
True
Is 194 a factor of 1263910?
True
Is 193 a factor of 6235330?
False
Does 28 divide 438732?
True
Is 40919 a multiple of 29?
True
Does 429 divide 2272380?
False
Is 1347 a factor of 374850?
False
Does 29 divide 3435746?
True
Does 51 divide 86190?
True
Does 357 divide 260610?
True
Does 20 divide 45220?
True
Does 10 divide 715881?
False
Does 122 divide 3532266?
True
Does 4 divide 741026?
False
Is 670046 a multiple of 25?
False
Is 228702 a multiple of 132?
False
Is 328379 a multiple of 18?
False
Is 16850328 a multiple of 166?
True
Is 193 a factor of 8297355?
False
Does 227 divide 1674579?
True
Does 51 divide 96492?
True
Is 16 a factor of 1251943?
False
Is 562334 a multiple of 48?
False
Is 14 a factor of 8772237?
False
Is 1275394 a multiple of 38?
True
Is 31944306 a multiple of 30?
False
Does 15 divide 9677198?
False
Is 12 a factor of 515796?
True
Is 13435158 a multiple of 1401?
False
Does 2 divide 34037?
False
Is 264018 a multiple of 12?
False
Is 371 a factor of 1140825?
True
Does 37 divide 28703?
False
Does 22 divide 93893?
False
Is 35 a factor of 226724?
False
Is 9 a factor of 1133919?
True
Is 6104203 a multiple of 17?
False
Is 4021458 a multiple of 46?
True
Does 70 divide 11970?
True
Is 23 a factor of 768708?
False
Is 217052 a multiple of 44?
True
Does 18 divide 26496?
True
Does 1204 divide 4978540?
True
Does 9 divide 9241?
False
Does 26 divide 3808584?
True
Does 113 divide 28354?
False
Is 231 a factor of 2379682?
False
Does 59 divide 6921880?
True
Is 401 a factor of 19104442?
True
Does 133 divide 8620193?
False
Is 265909 a multiple of 48?
False
Is 116868 a multiple of 6?
True
Does 42 divide 102564?
True
Is 25 a factor of 8287129?
False
Does 8 divide 193816?
True
Is 525470 a multiple of 101?
False
Does 80 divide 1265480?
False
Is 240 a factor of 580560?
True
Does 4 divide 736216?
True
Does 8 divide 626551?
False
Is 501768 a multiple of 69?
True
Is 25 a factor of 14350?
True
Is 5 a factor of 2096050?
True
Does 63 divide 51263?
False
Is 558984 a multiple of 8?
True
Is 91263 a multiple of 20?
False
Is 30043 a multiple of 13?
True
Is 7695130 a multiple of 103?
True
Is 523 a factor of 647997?
True
Is 198783 a multiple of 39?
True
Is 77 a factor of 8967266?
True
Is 34 a factor of 126089?
False
Is 267748 a multiple of 271?
True
Does 26 divide 1309777?
False
Does 19 divide 104339?
False
Is 1459305 a multiple of 20?
False
Does 465 divide 2171591?
False
Is 57 a factor of 223052?
False
Does 48 divide 190818?
False
Does 116 divide 2893466?
False
Is 5203562 a multiple of 7?
True
Is 100 a factor of 273609?
False
Is 70 a factor of 437780?
True
Is 429660 a multiple of 396?
True
Is 178 a factor of 3873620?
False
Is 127 a factor of 13034912?
False
Is 175740 a multiple of 60?
True
Is 8 a factor of 140600?
True
Is 93753 a multiple of 22?
False
Is 535 a factor of 6156780?
True
Is 124860 a multiple of 6?
True
Is 104368 a multiple of 162?
False
Is 101260 a multiple of 415?
True
Is 11 a factor of 571841?
False
Is 210 a factor of 32289?
False
Is 72506 a multiple of 102?
False
Does 3 divide 269664?
True
Does 49 divide 65415?
True
Is 3418879 a multiple of 189?
False
Does 119 divide 352835?
True
Is 5634 a multiple of 9?
True
Does 17 divide 7809562?
True
Does 2285 divide 982555?
False
Is 548473 a multiple of 27?
False
Is 59 a factor of 10207?
True
Is 207 a factor of 838067?
False
Is 430 a factor of 227939?
False
Does 5 divide 30332?
False
Does 339 divide 1542111?
True
Does 21 divide 83496?
True
Does 15 divide 84106?
False
Is 616815 a multiple of 15?
True
Does 143 divide 3562869?
False
Is 80 a factor of 139698?
False
Is 2419186 a multiple of 104?
False
Does 1450 divide 335570?
False
Is 142 a factor of 429834?
True
Is 204162 a multiple of 21?
True
Is 26 a factor of 149734?
True
Does 507 divide 987546?
False
Is 435 a factor of 6027208?
False
Is 2281161 a multiple of 44?
False
Does 727 divide 1072325?
True
Is 136 a factor of 214256?
False
Does 213 divide 628864?
False
Is 34 a factor of 962889?
False
Is 6 a factor of 22000?
False
Does 113 divide 4015486?
False
Does 13 divide 85479?
False
Is 3 a factor of 633592?
False
Is 54 a factor of 3734828?
False
Is 911940 a multiple of 4?
True
Is 36 a factor of 188278?
False
Is 49392 a multiple of 49?
True
Is 17 a factor of 22149?
False
Is 518399 a multiple of 13?
False
Is 487288 a multiple of 60?
False
Is 23 a factor of 21375?
False
Is 59245 a multiple of 14?
False
Is 153 a factor of 12919891?
False
Is 17 a factor of 19752181?
True
Is 175 a factor of 200346?
False
Is 139 a factor of 3551589?
True
Is 30 a factor of 2267670?
True
Is 3943952 a multiple of 1245?
False
Is 57 a factor of 1743360?
False
Is 324576 a multiple of 16?
True
Is 186631 a multiple of 193?
True
Is 413685 a multiple of 3?
True
Is 661 a factor of 2436446?
True
Is 1766493 a multiple of 19?
False
Is 171 a factor of 4971141?
True
Is 98